f p and 45?
15
Suppose 4 = t - 12. What is the greatest common factor of 16 and t?
16
Let g = 9 + 7. Calculate the highest common divisor of g and 8.
8
Let z(w) = -14*w**2 + 2*w - 1. Let a be z(-2). Let n = -35 - a. Let u(c) = 16*c + 1. Let f be u(4). What is the greatest common divisor of n and f?
13
Let p = 185 - 116. What is the greatest common divisor of 23 and p?
23
Let t be (-4)/(16/(-172)) - -1. Calculate the highest common divisor of t and 4.
4
Let c = 37 - 22. Calculate the highest common divisor of c and 135.
15
Let y be 2/3*(-90)/(-4). Let i be 2996/10 - 10/(-25). Suppose -4*o - 5*c = -445, -6*c + 3*c - i = -3*o. Calculate the greatest common factor of o and y.
15
Suppose 16 + 4 = 5*n. Let b be 6/8 - (-17)/n. What is the highest common factor of b and 5?
5
Let a be ((-2)/(-6))/((-1)/(-12)). Suppose a*q = -4*n + 100, q + 44 = 5*n - 105. Calculate the greatest common divisor of n and 29.
29
Suppose -2*p + 4 = 2*p. Let d = -9 + p. Let a = d + 33. What is the greatest common factor of 10 and a?
5
Let f(z) = z**2 + 7*z + 8. Let h be f(-6). Suppose -4*t + 27 = -165. Suppose -t = -4*c + 24. Calculate the highest common divisor of c and h.
2
Suppose 15*z = 5*z + 330. What is the highest common factor of z and 11?
11
Let u be -26*(-2 + (-3)/(-3)). Let x = 95 - 56. What is the highest common divisor of u and x?
13
Let h = -21 - -39. Suppose 2*k + 4 + h = 0. Let u = 27 + k. What is the greatest common divisor of 80 and u?
16
Let b be -1*(-3 - -12) + -2. Let y = b + 17. Let t(a) = a**2 + 2*a - 2. Let w be t(2). Calculate the greatest common factor of w and y.
6
Let d(c) = -2 - 5*c + c - 2. Let u be d(-3). Let s = 12 - -8. What is the greatest common divisor of s and u?
4
Let b = -7 + 10. Suppose -1379 = b*w - 527. Let x be 1/(-2) - w/8. Calculate the highest common factor of x and 7.
7
Let w be ((-77)/28)/(3/(-12)). What is the greatest common divisor of 121 and w?
11
Suppose -2*l = -4 - 6. Calculate the greatest common divisor of l and 5.
5
Let t = -89 - -155. What is the greatest common factor of 6 and t?
6
Let i be (1 - 5)*-69*3/18. Calculate the highest common factor of i and 46.
46
Suppose 10 + 30 = 4*g. What is the greatest common divisor of g and 70?
10
Let l(a) = 5*a**2 - 3*a - 1. Let z be l(2). Calculate the greatest common factor of 104 and z.
13
Let b be -2*(30/(-4))/(12/16). What is the greatest common factor of b and 20?
20
Suppose 11*y = 2*y + 162. What is the highest common divisor of 198 and y?
18
Let t(p) = p**3 - 11*p**2 - 5*p - 3. Let g be t(12). Calculate the highest common factor of 27 and g.
27
Let p(l) = 3*l**2 - 3*l + 2. Let c be p(2). Let v = c + 16. Let w = -1 - -4. What is the highest common divisor of w and v?
3
Let v = -9 + 10. Suppose -f = -v - 31. Let r = 44 + -28. Calculate the highest common divisor of f and r.
16
Let i(y) = 3*y**2 - 7*y - 2. Let x be i(6). What is the highest common factor of x and 32?
32
Suppose 3*j + 102 = 4*y, 2*y + 2*j - 20 = y. What is the highest common factor of y and 168?
24
Let a = 190 + -91. Suppose 0*x = 3*c + 2*x - 25, -2*c + 3*x = -34. What is the highest common divisor of a and c?
11
Let z = -28 + 50. What is the greatest common factor of 176 and z?
22
Let p = 15 - -5. Suppose -5*d + 5 = 2*q - 2*d, -3*q + d = -13. Calculate the greatest common factor of p and q.
4
Suppose 3*a - 73 = -7. Let k(u) = u - 4. Let y be k(2). Let q be (1/y)/((-2)/8). What is the highest common divisor of a and q?
2
Let n(v) = -2*v**2 + 37*v - 34. Let z be n(17). What is the greatest common divisor of 119 and z?
17
Let s = 21 - 68. Let h = -34 - s. Suppose 0 = y + 4*b - b - h, 5*b - 17 = -y. Calculate the greatest common divisor of y and 35.
7
Let y(x) = x + 7. Let l be y(-6). Calculate the greatest common factor of 4 and l.
1
Let c = 35 + -12. What is the highest common factor of 69 and c?
23
Suppose 4*f = -b + 583, 0 = -f + 4*b + 130 + 3. Calculate the greatest common divisor of f and 58.
29
Suppose -5*k + 3*g + 38 = -71, -5*k = -g - 103. Let y be (5 + 2/2)*208/156. Calculate the greatest common factor of y and k.
4
Let c be 2 + 0/(0 - 1). Let r be (14/(-6))/(c/(-36)). Let n(o) = -2*o + 2. Let k be n(-2). Calculate the highest common factor of r and k.
6
Let w be (0 + -2)*(-135)/10. Let h = w + -15. Calculate the greatest common divisor of h and 12.
12
Suppose -2*q + 4*g - 6 = -26, g - 9 = -3*q. What is the highest common divisor of 6 and q?
2
Let b(a) = a**2 + a - 4. Let m(t) = t - 10. Let q be m(7). Let n be b(q). Let c be n + (-4)/6*-3. Calculate the highest common divisor of c and 32.
4
Suppose -k - 1 + 6 = 0, 3*k + 105 = 3*t. Suppose b - 1 = 5. Let i be b + (2 - -1)/(-3). What is the greatest common divisor of i and t?
5
Let s(p) = -2*p**2 - 19*p + 6. Let o be s(-9). Calculate the greatest common divisor of 75 and o.
15
Suppose 10*x = 7*x + 6. Suppose x = 2*j - 2. Calculate the highest common divisor of 3 and j.
1
Suppose 2*v - 3*v + 3 = 2*o, -4*v = 4*o. Suppose -o*g - 2*g = 0, 5*g - 4 = -d. What is the highest common factor of d and 6?
2
Let n = 25 + -7. What is the highest common factor of n and 2?
2
Suppose 3*o + 2*d - 340 = 0, 0 = 2*o - 5*d - 193 - 2. Let p = 52 - 30. What is the highest common divisor of p and o?
22
Let y(g) = 25*g**2 + g + 1. Let i be y(-1). Calculate the highest common divisor of i and 225.
25
Suppose h = -3*i + 3, -3*h - i + 6*i = -9. Suppose h*u + 24 = 7*u. Calculate the highest common divisor of 54 and u.
6
Let a be (0 - -3)*-1 - -15. What is the highest common divisor of a and 30?
6
Suppose 0 = -x + 7*x - 24. Suppose l - 76 = 5*w - 12, -5*l - x*w + 204 = 0. What is the greatest common factor of l and 4?
4
Suppose p - 30 = -2*p. Suppose 0 = -2*h + 81 - 1. Calculate the highest common factor of p and h.
10
Suppose 0 = 2*t - m + 1, 4*m + 2 = t + 20. Calculate the highest common divisor of 2 and t.
2
Suppose 0 = u + 105 - 4. Let k(g) = -2*g**2 + 3*g - 10. Let j be k(9). Let o = u - j. What is the greatest common divisor of 11 and o?
11
Let a = -26 - -82. Calculate the greatest common factor of 7 and a.
7
Let y(d) = -21*d. Let k be y(-3). Calculate the highest common factor of 7 and k.
7
Let g(n) = -21*n. Let c be g(-6). Let h = c + -63. What is the highest common factor of 9 and h?
9
Let g(k) = 2*k**2 - 7*k + 3. Let f(n) = n**2 - 3*n + 2. Let w(u) = 7*f(u) - 3*g(u). Let z be w(-5). What is the highest common factor of z and 15?
15
Let q(t) = t**2. Let o = -3 - -4. Let a be q(o). Suppose -10*b = 144 - 154. Calculate the greatest common factor of b and a.
1
Let l be (1 - 10*2)*-1. Let w be 135 - (-1)/(-2)*4. What is the highest common divisor of w and l?
19
Let x be (1/(-1))/(1/(-2)). Suppose -x*v = 3*v - 450. Suppose 4*n - 2*b = v, 3*n - 27 = 2*n - b. Calculate the highest common divisor of n and 6.
6
Let q(p) = -3*p + 33. Let t be q(5). What is the greatest common factor of t and 12?
6
Suppose 6*x = 5*x - 5*g + 25, -16 = -4*g. Let q(z) = z**2 - 3*z + 2. Let v be q(x). Suppose 2*c - 324 = -c. What is the highest common factor of c and v?
12
Suppose 2*g = 5*k + 17, 0 = 3*g - 2*k + k - 6. Suppose -6*f + 2*f + 3*h = -35, 5*h + 35 = 2*f. Calculate the greatest common factor of g and f.
1
Let p(d) = -8*d + 7. Let b be -1 + (-1 - (-8)/1). Let c = -1 - b. Let m be p(c). What is the highest common divisor of 7 and m?
7
Let w = -6 + 18. Calculate the greatest common factor of 24 and w.
12
Let d = 1 + 1. Calculate the greatest common divisor of d and 5.
1
Let l(x) = 20*x**2 + x + 2. Let f be l(-1). Calculate the greatest common divisor of 63 and f.
21
Suppose -5*x + 13 = 2*a - 378, -2*x - 3*a + 152 = 0. Let y = x + 6. What is the greatest common divisor of 34 and y?
17
Let f = 120 + -6. Suppose 5*m - f = 436. Suppose 0 = 4*j + 8, -4*j = -3*b - 0*j + 38. Calculate the greatest common divisor of b and m.
10
Let y(t) = t**3 + 10*t**2 - 2*t - 9. Let c be y(-10). What is the greatest common factor of c and 77?
11
Let i(g) = g**2 + 4*g - 4. Let c be i(-6). Suppose 7*z + 160 = 17*z. Calculate the highest common factor of z and c.
8
Let g = 139 - -70. Calculate the highest common divisor of g and 19.
19
Let f(l) = l**3 + l**2 + 625. Let v be f(0). Suppose -4*c - 3*d + 0*d + v = 0, c = 4*d + 142. Calculate the highest common divisor of c and 14.
14
Suppose -q + 47 = 4*c, 4*c = -q + c + 45.